{"id":11,"date":"2020-09-02T14:49:27","date_gmt":"2020-09-02T14:49:27","guid":{"rendered":"http:\/\/www.rocketsoft.eu\/?page_id=11"},"modified":"2021-06-28T20:40:34","modified_gmt":"2021-06-28T20:40:34","slug":"miert-jo-az-intelligens-haz","status":"publish","type":"page","link":"https:\/\/www.rocketsoft.eu\/index.php\/miert-jo-az-intelligens-haz\/","title":{"rendered":"Mi\u00e9rt j\u00f3 az intelligens h\u00e1z?"},"content":{"rendered":"\n<figure class=\"wp-block-image size-large\"><img loading=\"lazy\" width=\"1024\" height=\"407\" src=\"http:\/\/www.rocketsoft.eu\/wp-content\/uploads\/2020\/09\/home_automation_systems-11-1-1024x407.jpg\" alt=\"\" class=\"wp-image-53\" srcset=\"https:\/\/www.rocketsoft.eu\/wp-content\/uploads\/2020\/09\/home_automation_systems-11-1-1024x407.jpg 1024w, https:\/\/www.rocketsoft.eu\/wp-content\/uploads\/2020\/09\/home_automation_systems-11-1-300x119.jpg 300w, https:\/\/www.rocketsoft.eu\/wp-content\/uploads\/2020\/09\/home_automation_systems-11-1-768x305.jpg 768w, https:\/\/www.rocketsoft.eu\/wp-content\/uploads\/2020\/09\/home_automation_systems-11-1-1536x611.jpg 1536w, https:\/\/www.rocketsoft.eu\/wp-content\/uploads\/2020\/09\/home_automation_systems-11-1-1170x465.jpg 1170w, https:\/\/www.rocketsoft.eu\/wp-content\/uploads\/2020\/09\/home_automation_systems-11-1.jpg 1620w\" sizes=\"(max-width: 1024px) 100vw, 1024px\" \/><\/figure>\n\n\n<p><\/p>\n<p style=\"text-align: justify;\"><span style=\"color: #003366;\">Sokan tal\u00e1lkoztunk m\u00e1r azzal a probl\u00e9m\u00e1val, hogy t\u00fal sok t\u00e1vir\u00e1ny\u00edt\u00f3 van az asztalon, \u00e9s felmer\u00fclt a k\u00e9rd\u00e9s, hogy mi\u00e9rt nem egyet haszn\u00e1lunk? A v\u00e1lasz egyszer\u0171: a k\u00fcl\u00f6nb\u00f6z\u0151 elektronikai term\u00e9kek k\u00fcl\u00f6nb\u00f6z\u0151 vez\u00e9rl\u00e9st (kapcsol\u00e1st) ig\u00e9nyelnek, amit \u00e1ltal\u00e1ban csak a saj\u00e1t gy\u00e1rt\u00f3 \u00e1ltal forgalmazott t\u00e1vir\u00e1ny\u00edt\u00f3val lehet vez\u00e9relni.<\/span><\/p>\n<p style=\"text-align: justify;\"><span style=\"color: #003366;\">Az intelligens h\u00e1z rendszerek erre adnak egy k\u00f6zponti megold\u00e1st. A k\u00fcl\u00f6nb\u00f6z\u0151 gy\u00e1rtm\u00e1ny\u00fa elektronikai k\u00e9sz\u00fcl\u00e9keket \u00f6sszek\u00f6ti egy k\u00f6zponti egys\u00e9g, \u00e9s err\u0151l lehet vez\u00e9relni. \u00cdgy p\u00e9ld\u00e1ul meg lehet csin\u00e1lni, hogy a v\u00edz\u00e9rz\u00e9kel\u0151 ne csak mag\u00e1ban riasszon, ha cs\u0151t\u00f6r\u00e9s van, hanem a h\u00e1z riaszt\u00f3rendszer\u00e9n kereszt\u00fcl emailt, sms-t k\u00fcldj\u00f6n.<\/span><\/p>\n<p><\/p>","protected":false},"excerpt":{"rendered":"<p>Sokan tal\u00e1lkoztunk m\u00e1r azzal a probl\u00e9m\u00e1val, hogy t\u00fal sok t\u00e1vir\u00e1ny\u00edt\u00f3 van az asztalon, \u00e9s felmer\u00fclt a k\u00e9rd\u00e9s, hogy mi\u00e9rt nem egyet haszn\u00e1lunk? A v\u00e1lasz egyszer\u0171: a k\u00fcl\u00f6nb\u00f6z\u0151 elektronikai term\u00e9kek k\u00fcl\u00f6nb\u00f6z\u0151 vez\u00e9rl\u00e9st (kapcsol\u00e1st) ig\u00e9nyelnek, amit \u00e1ltal\u00e1ban csak a saj\u00e1t gy\u00e1rt\u00f3 \u00e1ltal&#8230;<br \/><a class=\"read-more-button\" href=\"https:\/\/www.rocketsoft.eu\/index.php\/miert-jo-az-intelligens-haz\/\">Read more<\/a><\/p>\n","protected":false},"author":1,"featured_media":0,"parent":0,"menu_order":0,"comment_status":"closed","ping_status":"closed","template":"template-without-title.php","meta":[],"_links":{"self":[{"href":"https:\/\/www.rocketsoft.eu\/index.php\/wp-json\/wp\/v2\/pages\/11"}],"collection":[{"href":"https:\/\/www.rocketsoft.eu\/index.php\/wp-json\/wp\/v2\/pages"}],"about":[{"href":"https:\/\/www.rocketsoft.eu\/index.php\/wp-json\/wp\/v2\/types\/page"}],"author":[{"embeddable":true,"href":"https:\/\/www.rocketsoft.eu\/index.php\/wp-json\/wp\/v2\/users\/1"}],"replies":[{"embeddable":true,"href":"https:\/\/www.rocketsoft.eu\/index.php\/wp-json\/wp\/v2\/comments?post=11"}],"version-history":[{"count":7,"href":"https:\/\/www.rocketsoft.eu\/index.php\/wp-json\/wp\/v2\/pages\/11\/revisions"}],"predecessor-version":[{"id":75,"href":"https:\/\/www.rocketsoft.eu\/index.php\/wp-json\/wp\/v2\/pages\/11\/revisions\/75"}],"wp:attachment":[{"href":"https:\/\/www.rocketsoft.eu\/index.php\/wp-json\/wp\/v2\/media?parent=11"}],"curies":[{"name":"wp","href":"https:\/\/api.w.org\/{rel}","templated":true}]}}